{"id":896,"date":"2026-03-19T23:01:25","date_gmt":"2026-03-19T23:01:25","guid":{"rendered":"https:\/\/wildental.ch\/?page_id=896"},"modified":"2026-03-30T18:37:43","modified_gmt":"2026-03-30T18:37:43","slug":"mitwirken-copy","status":"publish","type":"page","link":"https:\/\/wildental.ch\/?page_id=896","title":{"rendered":"Projektf\u00f6rderung"},"content":{"rendered":"","protected":false},"excerpt":{"rendered":"","protected":false},"author":3,"featured_media":0,"parent":0,"menu_order":8,"comment_status":"closed","ping_status":"closed","template":"","meta":[],"class_list":["post-896","page","type-page","status-publish","hentry"],"grid":"{\r\n  \"colCount\": 9,\r\n  \"colGutter\": 25,\r\n  \"rowGutters\": [\r\n    50,\r\n    50,\r\n    50,\r\n    50,\r\n    50,\r\n    25\r\n  ],\r\n  \"frameMargin\": 5,\r\n  \"leftFrameMargin\": 100,\r\n  \"rightFrameMargin\": 50,\r\n  \"topFrameMargin\": 100,\r\n  \"bottomFrameMargin\": 100,\r\n  \"rowAttrs\": [\r\n    {\r\n      \"rowcustomheight\": \"\",\r\n      \"relid\": 10\r\n    },\r\n    {\r\n      \"rowcustomheight\": \"\",\r\n      \"relid\": 12\r\n    },\r\n    {\r\n      \"relid\": 1\r\n    },\r\n    {\r\n      \"relid\": 8\r\n    },\r\n    {\r\n      \"rowcustomheight\": \"\",\r\n      \"relid\": 14\r\n    },\r\n    {\r\n      \"relid\": 18\r\n    },\r\n    {\r\n      \"relid\": 15\r\n    }\r\n  ],\r\n  \"bgColor\": null,\r\n  \"bgImage\": null,\r\n  \"cont\": [\r\n    {\r\n      \"type\": \"text\",\r\n      \"cont\": \"<h1 class=\\\"_H1\\\"><span style=\\\"font-size: 75px;\\\">Projektf\u00f6rderung<\/span><\/h1><h1 class=\\\"_H2\\\">Wir streben eine m\u00f6glichst hohe Eigenfinanzierung an. Daf\u00fcr gibt verschiedene Formen, sich an der Finanzierung der Genossenschaft zu beteiligen und mitzuhelfen, wertvollen Lebensraum zu schaffen und Menschen mit besonderem Unterst\u00fctzungsbedarf ein stabiles Umfeld zu bieten.<\/h1>\",\r\n      \"align\": \"top\",\r\n      \"row\": 0,\r\n      \"col\": 2,\r\n      \"colspan\": 6,\r\n      \"offsetx\": 0,\r\n      \"offsety\": 0,\r\n      \"spaceabove\": 0,\r\n      \"spacebelow\": 0,\r\n      \"yvel\": 1,\r\n      \"push\": 2,\r\n      \"relid\": 4,\r\n      \"absolute_position\": false,\r\n      \"html_id\": \"mitwirken\",\r\n      \"dosync\": false\r\n    },\r\n    {\r\n      \"type\": \"text\",\r\n      \"cont\": \"<h1 class=\\\"_H2\\\">Darlehen (verzinst oder zinslos)<\/h1><p data-start=\\\"0\\\" data-end=\\\"196\\\">Alternativ zur Zeichnung von Anteilscheinen kann der <strong>Wohngenossenschaft TerraNea im Wildental Augst<\/strong> f\u00fcr eine vereinbarte Laufzeit ein verzinstes oder zinsloses Darlehen gem\u00e4ss individueller Absprache gew\u00e4hrt werden.<\/p><p data-start=\\\"0\\\" data-end=\\\"196\\\">Personen, die nicht im Wildental wohnen werden, aber der Genossenschaft ein Darlehen gew\u00e4hren, werden automatisch Mitglied der Genossenschaft. Ein Betrag von CHF 5\u2019000 des Darlehens wird dabei als Anteilsschein f\u00fcr die Mitgliedschaft eingebracht.<\/p>\",\r\n      \"align\": \"top\",\r\n      \"row\": 1,\r\n      \"col\": 2,\r\n      \"colspan\": 6,\r\n      \"offsetx\": 0,\r\n      \"offsety\": 0,\r\n      \"spaceabove\": 0,\r\n      \"spacebelow\": 0,\r\n      \"yvel\": 1,\r\n      \"push\": 2,\r\n      \"relid\": 5,\r\n      \"absolute_position\": false,\r\n      \"html_id\": \"Anteilsscheine\",\r\n      \"frameOverflow\": \"\"\r\n    },\r\n    {\r\n      \"type\": \"text\",\r\n      \"cont\": \"<h1 class=\\\"_H2\\\">Darlehenskasse<\/h1><p data-start=\\\"0\\\" data-end=\\\"452\\\">Die Genossenschaft\u00a0ist im Aufbau einer Darlehenskasse, die den Genossenschafter:innen die M\u00f6glichkeit bietet, ihr Geld sinnvoll und gemeinschaftsorientiert anzulegen. Einlagen und Bez\u00fcge sind grunds\u00e4tzlich m\u00f6glich; eine Mindesteinlagedauer ist derzeit noch in Diskussion, ebenso das Reglement zu K\u00fcndigung eines Darlehens. Die Mittel der Darlehenskasse werden ausschliesslich zur Finanzierung der eigenen Liegenschaften eingesetzt.<\/p><p data-start=\\\"454\\\" data-end=\\\"785\\\" data-is-last-node=\\\"\\\" data-is-only-node=\\\"\\\">F\u00fcr die Gew\u00e4hrung eines Darlehens wird ein entsprechender Darlehensvertrag abgeschlossen. S\u00e4mtliche Einlagen sind hypothekarisch abgesichert; die entsprechenden Pfandtitel sind reserviert und sicher deponiert.<\/p>\",\r\n      \"align\": \"top\",\r\n      \"row\": 2,\r\n      \"col\": 2,\r\n      \"colspan\": 6,\r\n      \"offsetx\": 0,\r\n      \"offsety\": 0,\r\n      \"spaceabove\": 0,\r\n      \"spacebelow\": 0,\r\n      \"yvel\": 1,\r\n      \"push\": 2,\r\n      \"relid\": 2,\r\n      \"absolute_position\": false,\r\n      \"html_id\": \"Anteilsscheine\"\r\n    },\r\n    {\r\n      \"type\": \"text\",\r\n      \"cont\": \"<h1 class=\\\"_H2\\\">Solidarit\u00e4tsfonds (zinslos)<\/h1><p data-start=\\\"0\\\" data-end=\\\"398\\\">Die Genossenschaft\u00a0setzt sich f\u00fcr eine ausgewogene soziale Durchmischung ihrer Mieter:innen ein, insbesondere in Bezug auf Einkommen und Verm\u00f6gen. Der Solidarit\u00e4tsfonds ist ein zentrales Instrument, um finanziell schw\u00e4cher gestellte Personen sowie Mieter:innen in akuten finanziellen Situationen gezielt zu unterst\u00fctzen \u2013 etwa bei der Zahlung der Miete oder der Wohnungsanteilscheine.<\/p><p data-start=\\\"400\\\" data-end=\\\"902\\\">Der Fonds wird unter anderem durch monatliche Solidarit\u00e4tsbeitr\u00e4ge gespeist, die zusammen mit der Miete erhoben und im Mietvertrag separat ausgewiesen werden. \u00dcber die Einlagen und deren Verwendung wird j\u00e4hrlich transparent im Jahresbericht informiert. Zus\u00e4tzlich besteht die M\u00f6glichkeit f\u00fcr F\u00f6rder:innen, den Fonds durch zinslose Darlehen zu st\u00e4rken. Beitr\u00e4ge zur Finanzierung von Anteilsscheinen sind dabei an einzelne Personen gebunden und werden nach deren Auszug an die Geldgebenden zur\u00fcckgef\u00fchrt.<\/p><p data-start=\\\"904\\\" data-end=\\\"1369\\\">Neben dieser unterst\u00fctzenden Funktion bei Wohnkosten dient der Solidarit\u00e4tsfonds auch als Nothilfefonds f\u00fcr Menschen in schwierigen Lebenslagen. In solchen F\u00e4llen k\u00f6nnen Beitr\u00e4ge zur Deckung von Wohn-, Pflege- und Lebenskosten gesprochen werden, die nicht zur\u00fcckbezahlt werden m\u00fcssen. Ziel ist es, ein w\u00fcrdevolles Leben in einem stabilen sozialen Umfeld zu erm\u00f6glichen und gleichzeitig Perspektiven f\u00fcr eine nachhaltige Verbesserung der Lebenssituation zu schaffen.<\/p><p data-start=\\\"1371\\\" data-end=\\\"1691\\\" data-is-last-node=\\\"\\\" data-is-only-node=\\\"\\\">Der Solidarit\u00e4tsfonds versteht sich dabei bewusst nicht als Ersatz, sondern als Erg\u00e4nzung oder \u00dcberbr\u00fcckung zu bestehenden Unterst\u00fctzungsangeboten \u00f6ffentlicher und privater Institutionen. Entsprechend wird erwartet, dass Gesuchstellende im zumutbaren Rahmen auch andere Unterst\u00fctzungsm\u00f6glichkeiten pr\u00fcfen und nachweisen.<\/p>\",\r\n      \"align\": \"top\",\r\n      \"row\": 3,\r\n      \"col\": 2,\r\n      \"colspan\": 6,\r\n      \"offsetx\": 0,\r\n      \"offsety\": 0,\r\n      \"spaceabove\": 0,\r\n      \"spacebelow\": 0,\r\n      \"yvel\": 1,\r\n      \"push\": 2,\r\n      \"relid\": 11,\r\n      \"absolute_position\": false,\r\n      \"html_id\": \"Solidarit\u00e4tsfonds\"\r\n    },\r\n    {\r\n      \"type\": \"text\",\r\n      \"cont\": \"<h1 class=\\\"_H2\\\">Spenden | Schenkungen<\/h1><p class=\\\"_Default\\\">Die Genossenschaft\u00a0ist gemeinn\u00fctzig und nicht gewinnorientiert. Vorstand und Bauausschuss arbeiten ehrenamtlich. Spenden und\/oder Schenkungen verschaffen der Genossenschaft bei der Bew\u00e4ltigung ihrer Aufgaben und der Verwirklichung des Genossenschaftszwecks die n\u00f6tige Handlungsfreiheit.<\/p>\",\r\n      \"align\": \"top\",\r\n      \"row\": 4,\r\n      \"col\": 2,\r\n      \"colspan\": 6,\r\n      \"offsetx\": 0,\r\n      \"offsety\": 0,\r\n      \"spaceabove\": 0,\r\n      \"spacebelow\": 0,\r\n      \"yvel\": 1,\r\n      \"push\": 2,\r\n      \"relid\": 7,\r\n      \"absolute_position\": false,\r\n      \"html_id\": \"Schenkungen\"\r\n    },\r\n    {\r\n      \"type\": \"img\",\r\n      \"cont\": \"\/wp-content\/uploads\/2026\/03\/QR-Code_Spenden.png\",\r\n      \"align\": \"top\",\r\n      \"row\": 5,\r\n      \"col\": 2,\r\n      \"colspan\": 1,\r\n      \"offsetx\": 0,\r\n      \"offsety\": 0,\r\n      \"spaceabove\": 0,\r\n      \"spacebelow\": 0,\r\n      \"yvel\": 1,\r\n      \"push\": 2,\r\n      \"relid\": 19,\r\n      \"attid\": 932,\r\n      \"sizes\": {\r\n        \"full\": \"\/wp-content\/uploads\/2026\/03\/QR-Code_Spenden.png\",\r\n        \"_512\": \"\/wp-content\/uploads\/2026\/03\/QR-Code_Spenden-512x512.png\",\r\n        \"_265\": \"\/wp-content\/uploads\/2026\/03\/QR-Code_Spenden-265x265.png\"\r\n      },\r\n      \"w\": 539,\r\n      \"h\": 539,\r\n      \"ar\": 1,\r\n      \"alt\": \"\",\r\n      \"absolute_position\": false\r\n    },\r\n    {\r\n      \"type\": \"text\",\r\n      \"cont\": \"<p style=\\\"text-align: center;\\\"><a class=\\\"laybutton2 laybutton\\\" href=\\\"https:\/\/wildental.ch\/wp-content\/uploads\/2026\/03\/EZ-Schein_Spenden.pdf\\\">Direkte Spende an die Genossenschaft<\/a><\/p>\",\r\n      \"align\": \"bottom\",\r\n      \"row\": 5,\r\n      \"col\": 3,\r\n      \"colspan\": 4,\r\n      \"offsetx\": 0,\r\n      \"offsety\": 0,\r\n      \"spaceabove\": 0,\r\n      \"spacebelow\": 0,\r\n      \"yvel\": 1,\r\n      \"push\": 0,\r\n      \"relid\": 16,\r\n      \"absolute_position\": false,\r\n      \"dosync\": false\r\n    },\r\n    {\r\n      \"type\": \"text\",\r\n      \"cont\": \"<p style=\\\"text-align: center;\\\"><a class=\\\"laybutton2 laybutton\\\" href=\\\"https:\/\/wildental.ch\/?page_id=898\\\" data-type=\\\"page\\\" data-id=\\\"898\\\" data-title=\\\"Kontakt - Entwurf\\\">Kontaktiere uns f\u00fcr weitere Ausk\u00fcnfte<\/a><\/p>\",\r\n      \"align\": \"top\",\r\n      \"row\": 6,\r\n      \"col\": 3,\r\n      \"colspan\": 4,\r\n      \"offsetx\": 0,\r\n      \"offsety\": 0,\r\n      \"spaceabove\": 0,\r\n      \"spacebelow\": 0,\r\n      \"yvel\": 1,\r\n      \"push\": 3,\r\n      \"relid\": 9,\r\n      \"absolute_position\": false,\r\n      \"frameOverflow\": \"\"\r\n    }\r\n  ]\r\n}","phonegrid":"{\r\n  \"colCount\": 12,\r\n  \"colGutter\": 1,\r\n  \"rowGutters\": [\r\n    5,\r\n    5,\r\n    5,\r\n    5,\r\n    5,\r\n    5,\r\n    5\r\n  ],\r\n  \"frameMargin\": 5,\r\n  \"leftFrameMargin\": 55,\r\n  \"rightFrameMargin\": 20,\r\n  \"topFrameMargin\": 5,\r\n  \"bottomFrameMargin\": 5,\r\n  \"rowAttrs\": [\r\n    {\r\n      \"relid\": 21\r\n    },\r\n    {\r\n      \"relid\": 3\r\n    },\r\n    {\r\n      \"relid\": 23\r\n    },\r\n    {\r\n      \"relid\": 22\r\n    },\r\n    {\r\n      \"relid\": 24\r\n    },\r\n    {\r\n      \"relid\": 25\r\n    },\r\n    {\r\n      \"relid\": 13\r\n    },\r\n    {\r\n      \"relid\": 26\r\n    }\r\n  ],\r\n  \"bgColor\": null,\r\n  \"bgImage\": null,\r\n  \"cont\": [\r\n    {\r\n      \"type\": \"text\",\r\n      \"cont\": \"<h1 class=\\\"_H1\\\"><span style=\\\"font-size: 50px;\\\">Projektf\u00f6rderung<\/span><\/h1>\",\r\n      \"align\": \"bottom\",\r\n      \"row\": 0,\r\n      \"col\": 0,\r\n      \"colspan\": 12,\r\n      \"offsetx\": 0,\r\n      \"offsety\": 0,\r\n      \"spaceabove\": 0,\r\n      \"spacebelow\": 0,\r\n      \"yvel\": 1,\r\n      \"push\": 0,\r\n      \"relid\": 4,\r\n      \"absolute_position\": false,\r\n      \"html_id\": \"mitwirken\",\r\n      \"frameOverflow\": \"\",\r\n      \"dosync\": false\r\n    },\r\n    {\r\n      \"type\": \"text\",\r\n      \"cont\": \"<h1 class=\\\"_H2\\\">Wir streben eine m\u00f6glichst hohe Eigenfinanzierung an. Daf\u00fcr gibt verschiedene Formen, sich an der Finanzierung der Genossenschaft zu beteiligen und mitzuhelfen, wertvollen Lebensraum zu schaffen und Menschen mit besonderem Unterst\u00fctzungsbedarf ein stabiles Umfeld zu bieten.<\/h1>\",\r\n      \"align\": \"middle\",\r\n      \"row\": 1,\r\n      \"col\": 0,\r\n      \"colspan\": 12,\r\n      \"offsetx\": 0,\r\n      \"offsety\": 0,\r\n      \"spaceabove\": 0,\r\n      \"spacebelow\": 0,\r\n      \"yvel\": 1,\r\n      \"push\": 0,\r\n      \"relid\": 6,\r\n      \"absolute_position\": false,\r\n      \"html_id\": \"mitwirken\",\r\n      \"frameOverflow\": \"\"\r\n    },\r\n    {\r\n      \"type\": \"text\",\r\n      \"cont\": \"<h1 class=\\\"_H2\\\">Darlehen (verzinst oder zinslos)<\/h1><p data-start=\\\"0\\\" data-end=\\\"196\\\">Alternativ zur Zeichnung von Anteilscheinen kann der <strong>Wohngenossenschaft TerraNea im Wildental Augst<\/strong> f\u00fcr eine vereinbarte Laufzeit ein verzinstes oder zinsloses Darlehen gem\u00e4ss individueller Absprache gew\u00e4hrt werden.<\/p><p data-start=\\\"0\\\" data-end=\\\"196\\\">Personen, die nicht im Wildental wohnen werden, aber der Genossenschaft ein Darlehen gew\u00e4hren, werden automatisch Mitglied der Genossenschaft. Ein Betrag von CHF 5\u2019000 des Darlehens wird dabei als Anteilsschein f\u00fcr die Mitgliedschaft eingebracht.<\/p>\",\r\n      \"align\": \"bottom\",\r\n      \"row\": 2,\r\n      \"col\": 0,\r\n      \"colspan\": 12,\r\n      \"offsetx\": 0,\r\n      \"offsety\": 0,\r\n      \"spaceabove\": 0,\r\n      \"spacebelow\": 0,\r\n      \"yvel\": 1,\r\n      \"push\": 0,\r\n      \"relid\": 5,\r\n      \"absolute_position\": false,\r\n      \"html_id\": \"Anteilsscheine\",\r\n      \"frameOverflow\": \"\"\r\n    },\r\n    {\r\n      \"type\": \"text\",\r\n      \"cont\": \"<h1 class=\\\"_H2\\\">Darlehenskasse<\/h1><p data-start=\\\"0\\\" data-end=\\\"452\\\">Die Genossenschaft\u00a0ist im Aufbau einer Darlehenskasse, die den Genossenschafter:innen die M\u00f6glichkeit bietet, ihr Geld sinnvoll und gemeinschaftsorientiert anzulegen. Einlagen und Bez\u00fcge sind grunds\u00e4tzlich m\u00f6glich; eine Mindesteinlagedauer ist derzeit noch in Diskussion, ebenso das Reglement zu K\u00fcndigung eines Darlehens. Die Mittel der Darlehenskasse werden ausschliesslich zur Finanzierung der eigenen Liegenschaften eingesetzt.<\/p><p data-start=\\\"454\\\" data-end=\\\"785\\\" data-is-last-node=\\\"\\\" data-is-only-node=\\\"\\\">F\u00fcr die Gew\u00e4hrung eines Darlehens wird ein entsprechender Darlehensvertrag abgeschlossen. S\u00e4mtliche Einlagen sind hypothekarisch abgesichert; die entsprechenden Pfandtitel sind reserviert und sicher deponiert.<\/p>\",\r\n      \"align\": \"middle\",\r\n      \"row\": 3,\r\n      \"col\": 0,\r\n      \"colspan\": 12,\r\n      \"offsetx\": 0,\r\n      \"offsety\": 0,\r\n      \"spaceabove\": 0,\r\n      \"spacebelow\": 0,\r\n      \"yvel\": 1,\r\n      \"push\": 0,\r\n      \"relid\": 2,\r\n      \"absolute_position\": false,\r\n      \"html_id\": \"Anteilsscheine\",\r\n      \"frameOverflow\": \"\"\r\n    },\r\n    {\r\n      \"type\": \"text\",\r\n      \"cont\": \"<h1 class=\\\"_H2\\\">Solidarit\u00e4tsfonds (zinslos)<\/h1><p data-start=\\\"0\\\" data-end=\\\"398\\\">Die Genossenschaft\u00a0setzt sich f\u00fcr eine ausgewogene soziale Durchmischung ihrer Mieter:innen ein, insbesondere in Bezug auf Einkommen und Verm\u00f6gen. Der Solidarit\u00e4tsfonds ist ein zentrales Instrument, um finanziell schw\u00e4cher gestellte Personen sowie Mieter:innen in akuten finanziellen Situationen gezielt zu unterst\u00fctzen \u2013 etwa bei der Zahlung der Miete oder der Wohnungsanteilscheine.<\/p><p data-start=\\\"400\\\" data-end=\\\"902\\\">Der Fonds wird unter anderem durch monatliche Solidarit\u00e4tsbeitr\u00e4ge gespeist, die zusammen mit der Miete erhoben und im Mietvertrag separat ausgewiesen werden. \u00dcber die Einlagen und deren Verwendung wird j\u00e4hrlich transparent im Jahresbericht informiert. Zus\u00e4tzlich besteht die M\u00f6glichkeit f\u00fcr F\u00f6rder:innen, den Fonds durch zinslose Darlehen zu st\u00e4rken. Beitr\u00e4ge zur Finanzierung von Anteilsscheinen sind dabei an einzelne Personen gebunden und werden nach deren Auszug an die Geldgebenden zur\u00fcckgef\u00fchrt.<\/p><p data-start=\\\"904\\\" data-end=\\\"1369\\\">Neben dieser unterst\u00fctzenden Funktion bei Wohnkosten dient der Solidarit\u00e4tsfonds auch als Nothilfefonds f\u00fcr Menschen in schwierigen Lebenslagen. In solchen F\u00e4llen k\u00f6nnen Beitr\u00e4ge zur Deckung von Wohn-, Pflege- und Lebenskosten gesprochen werden, die nicht zur\u00fcckbezahlt werden m\u00fcssen. Ziel ist es, ein w\u00fcrdevolles Leben in einem stabilen sozialen Umfeld zu erm\u00f6glichen und gleichzeitig Perspektiven f\u00fcr eine nachhaltige Verbesserung der Lebenssituation zu schaffen.<\/p><p data-start=\\\"1371\\\" data-end=\\\"1691\\\" data-is-last-node=\\\"\\\" data-is-only-node=\\\"\\\">Der Solidarit\u00e4tsfonds versteht sich dabei bewusst nicht als Ersatz, sondern als Erg\u00e4nzung oder \u00dcberbr\u00fcckung zu bestehenden Unterst\u00fctzungsangeboten \u00f6ffentlicher und privater Institutionen. Entsprechend wird erwartet, dass Gesuchstellende im zumutbaren Rahmen auch andere Unterst\u00fctzungsm\u00f6glichkeiten pr\u00fcfen und nachweisen.<\/p>\",\r\n      \"align\": \"middle\",\r\n      \"row\": 4,\r\n      \"col\": 0,\r\n      \"colspan\": 12,\r\n      \"offsetx\": 0,\r\n      \"offsety\": 0,\r\n      \"spaceabove\": 0,\r\n      \"spacebelow\": 0,\r\n      \"yvel\": 1,\r\n      \"push\": 0,\r\n      \"relid\": 11,\r\n      \"absolute_position\": false,\r\n      \"html_id\": \"Solidarit\u00e4tsfonds\",\r\n      \"frameOverflow\": \"\"\r\n    },\r\n    {\r\n      \"type\": \"text\",\r\n      \"cont\": \"<h1 class=\\\"_H2\\\">Spenden | Schenkungen<\/h1><p class=\\\"_Default\\\">Die Genossenschaft\u00a0ist gemeinn\u00fctzig und nicht gewinnorientiert. Vorstand und Bauausschuss arbeiten ehrenamtlich. Spenden und\/oder Schenkungen verschaffen der Genossenschaft bei der Bew\u00e4ltigung ihrer Aufgaben und der Verwirklichung des Genossenschaftszwecks die n\u00f6tige Handlungsfreiheit.<\/p>\",\r\n      \"align\": \"bottom\",\r\n      \"row\": 5,\r\n      \"col\": 0,\r\n      \"colspan\": 12,\r\n      \"offsetx\": 0,\r\n      \"offsety\": 0,\r\n      \"spaceabove\": 0,\r\n      \"spacebelow\": 0,\r\n      \"yvel\": 1,\r\n      \"push\": 0,\r\n      \"relid\": 7,\r\n      \"absolute_position\": false,\r\n      \"html_id\": \"Schenkungen\",\r\n      \"frameOverflow\": \"\"\r\n    },\r\n    {\r\n      \"type\": \"img\",\r\n      \"cont\": \"\/wp-content\/uploads\/2026\/03\/QR-Code_Spenden.png\",\r\n      \"align\": \"middle\",\r\n      \"row\": 6,\r\n      \"col\": 0,\r\n      \"colspan\": 3,\r\n      \"offsetx\": 0,\r\n      \"offsety\": 0,\r\n      \"spaceabove\": 0,\r\n      \"spacebelow\": 0,\r\n      \"yvel\": 1,\r\n      \"push\": 0,\r\n      \"relid\": 19,\r\n      \"attid\": 932,\r\n      \"sizes\": {\r\n        \"full\": \"\/wp-content\/uploads\/2026\/03\/QR-Code_Spenden.png\",\r\n        \"_512\": \"\/wp-content\/uploads\/2026\/03\/QR-Code_Spenden-512x512.png\",\r\n        \"_265\": \"\/wp-content\/uploads\/2026\/03\/QR-Code_Spenden-265x265.png\"\r\n      },\r\n      \"w\": 539,\r\n      \"h\": 539,\r\n      \"ar\": 1,\r\n      \"alt\": \"\",\r\n      \"absolute_position\": false,\r\n      \"frameOverflow\": \"\"\r\n    },\r\n    {\r\n      \"type\": \"text\",\r\n      \"cont\": \"<p style=\\\"text-align: center;\\\"><a class=\\\"laybutton2 laybutton\\\" href=\\\"https:\/\/wildental.ch\/wp-content\/uploads\/2026\/03\/EZ-Schein_Spenden.pdf\\\">Direkte Spende an die Genossenschaft<\/a><\/p>\",\r\n      \"align\": \"bottom\",\r\n      \"row\": 6,\r\n      \"col\": 4,\r\n      \"colspan\": 8,\r\n      \"offsetx\": 0,\r\n      \"offsety\": 0,\r\n      \"spaceabove\": 0,\r\n      \"spacebelow\": 0,\r\n      \"yvel\": 1,\r\n      \"push\": 1,\r\n      \"relid\": 16,\r\n      \"absolute_position\": false,\r\n      \"dosync\": false\r\n    },\r\n    {\r\n      \"type\": \"text\",\r\n      \"cont\": \"<p style=\\\"text-align: center;\\\"><a class=\\\"laybutton2 laybutton\\\" href=\\\"https:\/\/wildental.ch\/?page_id=898\\\" data-type=\\\"page\\\" data-id=\\\"898\\\" data-title=\\\"Kontakt - Entwurf\\\">Kontaktiere uns f\u00fcr weitere Ausk\u00fcnfte<\/a><\/p>\",\r\n      \"align\": \"top\",\r\n      \"row\": 7,\r\n      \"col\": 0,\r\n      \"colspan\": 12,\r\n      \"offsetx\": 0,\r\n      \"offsety\": 0,\r\n      \"spaceabove\": 0,\r\n      \"spacebelow\": 0,\r\n      \"yvel\": 1,\r\n      \"push\": 0,\r\n      \"relid\": 9,\r\n      \"absolute_position\": false,\r\n      \"html_id\": \"kontakt\",\r\n      \"frameOverflow\": \"\"\r\n    }\r\n  ]\r\n}","_links":{"self":[{"href":"https:\/\/wildental.ch\/index.php?rest_route=\/wp\/v2\/pages\/896","targetHints":{"allow":["GET"]}}],"collection":[{"href":"https:\/\/wildental.ch\/index.php?rest_route=\/wp\/v2\/pages"}],"about":[{"href":"https:\/\/wildental.ch\/index.php?rest_route=\/wp\/v2\/types\/page"}],"author":[{"embeddable":true,"href":"https:\/\/wildental.ch\/index.php?rest_route=\/wp\/v2\/users\/3"}],"replies":[{"embeddable":true,"href":"https:\/\/wildental.ch\/index.php?rest_route=%2Fwp%2Fv2%2Fcomments&post=896"}],"version-history":[{"count":0,"href":"https:\/\/wildental.ch\/index.php?rest_route=\/wp\/v2\/pages\/896\/revisions"}],"wp:attachment":[{"href":"https:\/\/wildental.ch\/index.php?rest_route=%2Fwp%2Fv2%2Fmedia&parent=896"}],"curies":[{"name":"wp","href":"https:\/\/api.w.org\/{rel}","templated":true}]}}